{"id":25,"date":"2024-06-17T13:14:11","date_gmt":"2024-06-17T13:14:11","guid":{"rendered":"https:\/\/radioclubedeinhapim.com.br\/?page_id=25"},"modified":"2024-07-16T08:08:48","modified_gmt":"2024-07-16T11:08:48","slug":"programacao","status":"publish","type":"page","link":"https:\/\/radioclubedeinhapim.com.br\/index.php\/programacao\/","title":{"rendered":"Programa\u00e7\u00e3o"},"content":{"rendered":"\t\t<div data-elementor-type=\"wp-page\" data-elementor-id=\"25\" class=\"elementor elementor-25\">\n\t\t\t\t<div class=\"elementor-element elementor-element-ed84412 e-con-full e-flex e-con e-parent\" data-id=\"ed84412\" data-element_type=\"container\">\n\t\t<div class=\"elementor-element elementor-element-763c985 e-con-full e-flex e-con e-child\" data-id=\"763c985\" data-element_type=\"container\">\n\t\t\t\t<div class=\"elementor-element elementor-element-4d3d439 elementor-widget elementor-widget-heading\" data-id=\"4d3d439\" data-element_type=\"widget\" data-widget_type=\"heading.default\">\n\t\t\t\t<div class=\"elementor-widget-container\">\n\t\t\t<style>\/*! elementor - v3.21.0 - 08-05-2024 *\/\n.elementor-heading-title{padding:0;margin:0;line-height:1}.elementor-widget-heading .elementor-heading-title[class*=elementor-size-]>a{color:inherit;font-size:inherit;line-height:inherit}.elementor-widget-heading .elementor-heading-title.elementor-size-small{font-size:15px}.elementor-widget-heading .elementor-heading-title.elementor-size-medium{font-size:19px}.elementor-widget-heading .elementor-heading-title.elementor-size-large{font-size:29px}.elementor-widget-heading .elementor-heading-title.elementor-size-xl{font-size:39px}.elementor-widget-heading .elementor-heading-title.elementor-size-xxl{font-size:59px}<\/style><h2 class=\"elementor-heading-title elementor-size-default\">Manh\u00e3 Sertaneja<\/h2>\t\t<\/div>\n\t\t\t\t<\/div>\n\t\t\t\t<div class=\"elementor-element elementor-element-e90ea53 elementor-widget elementor-widget-heading\" data-id=\"e90ea53\" data-element_type=\"widget\" data-widget_type=\"heading.default\">\n\t\t\t\t<div class=\"elementor-widget-container\">\n\t\t\t<h2 class=\"elementor-heading-title elementor-size-default\">Das 5:00 \u00e1s 7:00<\/h2>\t\t<\/div>\n\t\t\t\t<\/div>\n\t\t\t\t<div class=\"elementor-element elementor-element-d49f1cf elementor-widget elementor-widget-heading\" data-id=\"d49f1cf\" data-element_type=\"widget\" data-widget_type=\"heading.default\">\n\t\t\t\t<div class=\"elementor-widget-container\">\n\t\t\t<h2 class=\"elementor-heading-title elementor-size-default\">Com Ernane Santos<\/h2>\t\t<\/div>\n\t\t\t\t<\/div>\n\t\t\t\t<div class=\"elementor-element elementor-element-6f7c621 elementor-widget elementor-widget-image\" data-id=\"6f7c621\" data-element_type=\"widget\" data-widget_type=\"image.default\">\n\t\t\t\t<div class=\"elementor-widget-container\">\n\t\t\t<style>\/*! elementor - v3.21.0 - 08-05-2024 *\/\n.elementor-widget-image{text-align:center}.elementor-widget-image a{display:inline-block}.elementor-widget-image a img[src$=\".svg\"]{width:48px}.elementor-widget-image img{vertical-align:middle;display:inline-block}<\/style>\t\t\t\t\t\t\t\t\t\t<img decoding=\"async\" width=\"130\" height=\"95\" src=\"https:\/\/radioclubedeinhapim.com.br\/wp-content\/uploads\/2024\/07\/ernane-130x95.jpg\" class=\"attachment-cvmm-small size-cvmm-small wp-image-407\" alt=\"\" \/>\t\t\t\t\t\t\t\t\t\t\t\t\t<\/div>\n\t\t\t\t<\/div>\n\t\t\t\t<\/div>\n\t\t<div class=\"elementor-element elementor-element-1f6644b e-con-full e-flex e-con e-child\" data-id=\"1f6644b\" data-element_type=\"container\">\n\t\t\t\t<div class=\"elementor-element elementor-element-08ba548 elementor-widget elementor-widget-heading\" data-id=\"08ba548\" data-element_type=\"widget\" data-widget_type=\"heading.default\">\n\t\t\t\t<div class=\"elementor-widget-container\">\n\t\t\t<h2 class=\"elementor-heading-title elementor-size-default\">Jornal da Itatiaia<\/h2>\t\t<\/div>\n\t\t\t\t<\/div>\n\t\t\t\t<div class=\"elementor-element elementor-element-23a3dc6 elementor-widget elementor-widget-heading\" data-id=\"23a3dc6\" data-element_type=\"widget\" data-widget_type=\"heading.default\">\n\t\t\t\t<div class=\"elementor-widget-container\">\n\t\t\t<h2 class=\"elementor-heading-title elementor-size-default\">Das 7:00 \u00e1s 8:00<\/h2>\t\t<\/div>\n\t\t\t\t<\/div>\n\t\t\t\t<div class=\"elementor-element elementor-element-fa296da elementor-widget elementor-widget-heading\" data-id=\"fa296da\" data-element_type=\"widget\" data-widget_type=\"heading.default\">\n\t\t\t\t<div class=\"elementor-widget-container\">\n\t\t\t<h2 class=\"elementor-heading-title elementor-size-default\">R\u00e1dio Itatiaia<\/h2>\t\t<\/div>\n\t\t\t\t<\/div>\n\t\t\t\t<div class=\"elementor-element elementor-element-0ab44ba elementor-widget elementor-widget-image\" data-id=\"0ab44ba\" data-element_type=\"widget\" data-widget_type=\"image.default\">\n\t\t\t\t<div class=\"elementor-widget-container\">\n\t\t\t\t\t\t\t\t\t\t\t\t\t<img decoding=\"async\" width=\"130\" height=\"95\" src=\"https:\/\/radioclubedeinhapim.com.br\/wp-content\/uploads\/2024\/07\/itatiaia-130x95.png\" class=\"attachment-cvmm-small size-cvmm-small wp-image-551\" alt=\"\" \/>\t\t\t\t\t\t\t\t\t\t\t\t\t<\/div>\n\t\t\t\t<\/div>\n\t\t\t\t<\/div>\n\t\t<div class=\"elementor-element elementor-element-0d634d3 e-con-full e-flex e-con e-child\" data-id=\"0d634d3\" data-element_type=\"container\">\n\t\t\t\t<div class=\"elementor-element elementor-element-66bc21a elementor-widget elementor-widget-heading\" data-id=\"66bc21a\" data-element_type=\"widget\" data-widget_type=\"heading.default\">\n\t\t\t\t<div class=\"elementor-widget-container\">\n\t\t\t<h2 class=\"elementor-heading-title elementor-size-default\">Bom dia Vida<\/h2>\t\t<\/div>\n\t\t\t\t<\/div>\n\t\t\t\t<div class=\"elementor-element elementor-element-eb94690 elementor-widget elementor-widget-heading\" data-id=\"eb94690\" data-element_type=\"widget\" data-widget_type=\"heading.default\">\n\t\t\t\t<div class=\"elementor-widget-container\">\n\t\t\t<h2 class=\"elementor-heading-title elementor-size-default\">Das 8:00 \u00e1s 11:00<\/h2>\t\t<\/div>\n\t\t\t\t<\/div>\n\t\t\t\t<div class=\"elementor-element elementor-element-703711f elementor-widget elementor-widget-heading\" data-id=\"703711f\" data-element_type=\"widget\" data-widget_type=\"heading.default\">\n\t\t\t\t<div class=\"elementor-widget-container\">\n\t\t\t<h2 class=\"elementor-heading-title elementor-size-default\">Com Janaine Castro<\/h2>\t\t<\/div>\n\t\t\t\t<\/div>\n\t\t\t\t<div class=\"elementor-element elementor-element-36dd755 elementor-widget elementor-widget-image\" data-id=\"36dd755\" data-element_type=\"widget\" data-widget_type=\"image.default\">\n\t\t\t\t<div class=\"elementor-widget-container\">\n\t\t\t\t\t\t\t\t\t\t\t\t\t<img decoding=\"async\" width=\"130\" height=\"95\" src=\"https:\/\/radioclubedeinhapim.com.br\/wp-content\/uploads\/2024\/07\/janaina-prog-130x95.jpg\" class=\"attachment-cvmm-small size-cvmm-small wp-image-402\" alt=\"\" \/>\t\t\t\t\t\t\t\t\t\t\t\t\t<\/div>\n\t\t\t\t<\/div>\n\t\t\t\t<\/div>\n\t\t\t\t<\/div>\n\t\t<div class=\"elementor-element elementor-element-c3bb441 e-con-full e-flex e-con e-parent\" data-id=\"c3bb441\" data-element_type=\"container\">\n\t\t<div class=\"elementor-element elementor-element-73c4217 e-con-full e-flex e-con e-child\" data-id=\"73c4217\" data-element_type=\"container\">\n\t\t\t\t<div class=\"elementor-element elementor-element-fa4bb9e elementor-widget elementor-widget-heading\" data-id=\"fa4bb9e\" data-element_type=\"widget\" data-widget_type=\"heading.default\">\n\t\t\t\t<div class=\"elementor-widget-container\">\n\t\t\t<h2 class=\"elementor-heading-title elementor-size-default\">A Voz da Par\u00f3quia <\/h2>\t\t<\/div>\n\t\t\t\t<\/div>\n\t\t\t\t<div class=\"elementor-element elementor-element-7ce58de elementor-widget elementor-widget-heading\" data-id=\"7ce58de\" data-element_type=\"widget\" data-widget_type=\"heading.default\">\n\t\t\t\t<div class=\"elementor-widget-container\">\n\t\t\t<h2 class=\"elementor-heading-title elementor-size-default\">Das 11:00 \u00e1s 11:30<\/h2>\t\t<\/div>\n\t\t\t\t<\/div>\n\t\t\t\t<div class=\"elementor-element elementor-element-9e3d523 elementor-widget elementor-widget-heading\" data-id=\"9e3d523\" data-element_type=\"widget\" data-widget_type=\"heading.default\">\n\t\t\t\t<div class=\"elementor-widget-container\">\n\t\t\t<h2 class=\"elementor-heading-title elementor-size-default\">Par\u00f3quia de Inhapim<\/h2>\t\t<\/div>\n\t\t\t\t<\/div>\n\t\t\t\t<div class=\"elementor-element elementor-element-f7f4942 elementor-widget elementor-widget-image\" data-id=\"f7f4942\" data-element_type=\"widget\" data-widget_type=\"image.default\">\n\t\t\t\t<div class=\"elementor-widget-container\">\n\t\t\t\t\t\t\t\t\t\t\t\t\t<img loading=\"lazy\" decoding=\"async\" width=\"130\" height=\"95\" src=\"https:\/\/radioclubedeinhapim.com.br\/wp-content\/uploads\/2024\/07\/paroquia-130x95.jpg\" class=\"attachment-cvmm-small size-cvmm-small wp-image-560\" alt=\"\" \/>\t\t\t\t\t\t\t\t\t\t\t\t\t<\/div>\n\t\t\t\t<\/div>\n\t\t\t\t<\/div>\n\t\t<div class=\"elementor-element elementor-element-e3408f1 e-con-full e-flex e-con e-child\" data-id=\"e3408f1\" data-element_type=\"container\">\n\t\t\t\t<div class=\"elementor-element elementor-element-4fe150b elementor-widget elementor-widget-heading\" data-id=\"4fe150b\" data-element_type=\"widget\" data-widget_type=\"heading.default\">\n\t\t\t\t<div class=\"elementor-widget-container\">\n\t\t\t<h2 class=\"elementor-heading-title elementor-size-default\">Clube do Esporte<\/h2>\t\t<\/div>\n\t\t\t\t<\/div>\n\t\t\t\t<div class=\"elementor-element elementor-element-593ae7e elementor-widget elementor-widget-heading\" data-id=\"593ae7e\" data-element_type=\"widget\" data-widget_type=\"heading.default\">\n\t\t\t\t<div class=\"elementor-widget-container\">\n\t\t\t<h2 class=\"elementor-heading-title elementor-size-default\">Das 11:30 \u00e1s 12:00<\/h2>\t\t<\/div>\n\t\t\t\t<\/div>\n\t\t\t\t<div class=\"elementor-element elementor-element-4ab546b elementor-widget elementor-widget-heading\" data-id=\"4ab546b\" data-element_type=\"widget\" data-widget_type=\"heading.default\">\n\t\t\t\t<div class=\"elementor-widget-container\">\n\t\t\t<h2 class=\"elementor-heading-title elementor-size-default\">Com Ernane Santos<\/h2>\t\t<\/div>\n\t\t\t\t<\/div>\n\t\t\t\t<div class=\"elementor-element elementor-element-a3bdb56 elementor-widget elementor-widget-image\" data-id=\"a3bdb56\" data-element_type=\"widget\" data-widget_type=\"image.default\">\n\t\t\t\t<div class=\"elementor-widget-container\">\n\t\t\t\t\t\t\t\t\t\t\t\t\t<img decoding=\"async\" width=\"130\" height=\"95\" src=\"https:\/\/radioclubedeinhapim.com.br\/wp-content\/uploads\/2024\/07\/ernane-130x95.jpg\" class=\"attachment-cvmm-small size-cvmm-small wp-image-407\" alt=\"\" \/>\t\t\t\t\t\t\t\t\t\t\t\t\t<\/div>\n\t\t\t\t<\/div>\n\t\t\t\t<\/div>\n\t\t<div class=\"elementor-element elementor-element-3bb4cba e-con-full e-flex e-con e-child\" data-id=\"3bb4cba\" data-element_type=\"container\">\n\t\t\t\t<div class=\"elementor-element elementor-element-3339c95 elementor-widget elementor-widget-heading\" data-id=\"3339c95\" data-element_type=\"widget\" data-widget_type=\"heading.default\">\n\t\t\t\t<div class=\"elementor-widget-container\">\n\t\t\t<h2 class=\"elementor-heading-title elementor-size-default\">Giro da Not\u00edcia<\/h2>\t\t<\/div>\n\t\t\t\t<\/div>\n\t\t\t\t<div class=\"elementor-element elementor-element-4ffb668 elementor-widget elementor-widget-heading\" data-id=\"4ffb668\" data-element_type=\"widget\" data-widget_type=\"heading.default\">\n\t\t\t\t<div class=\"elementor-widget-container\">\n\t\t\t<h2 class=\"elementor-heading-title elementor-size-default\">Das 12:00 \u00e1s 12:30<\/h2>\t\t<\/div>\n\t\t\t\t<\/div>\n\t\t\t\t<div class=\"elementor-element elementor-element-510e4c5 elementor-widget elementor-widget-heading\" data-id=\"510e4c5\" data-element_type=\"widget\" data-widget_type=\"heading.default\">\n\t\t\t\t<div class=\"elementor-widget-container\">\n\t\t\t<h2 class=\"elementor-heading-title elementor-size-default\">Com Jos\u00e9 Carlos Silva<\/h2>\t\t<\/div>\n\t\t\t\t<\/div>\n\t\t\t\t<div class=\"elementor-element elementor-element-91153f1 elementor-widget elementor-widget-image\" data-id=\"91153f1\" data-element_type=\"widget\" data-widget_type=\"image.default\">\n\t\t\t\t<div class=\"elementor-widget-container\">\n\t\t\t\t\t\t\t\t\t\t\t\t\t<img loading=\"lazy\" decoding=\"async\" width=\"130\" height=\"95\" src=\"https:\/\/radioclubedeinhapim.com.br\/wp-content\/uploads\/2024\/07\/WhatsApp-Image-2024-07-03-at-16.19.39-130x95.jpg\" class=\"attachment-cvmm-small size-cvmm-small wp-image-496\" alt=\"\" \/>\t\t\t\t\t\t\t\t\t\t\t\t\t<\/div>\n\t\t\t\t<\/div>\n\t\t\t\t<\/div>\n\t\t\t\t<\/div>\n\t\t<div class=\"elementor-element elementor-element-2ce5a84 e-con-full e-flex e-con e-parent\" data-id=\"2ce5a84\" data-element_type=\"container\">\n\t\t<div class=\"elementor-element elementor-element-3db1f2e e-con-full e-flex e-con e-child\" data-id=\"3db1f2e\" data-element_type=\"container\">\n\t\t\t\t<div class=\"elementor-element elementor-element-77f550c elementor-widget elementor-widget-heading\" data-id=\"77f550c\" data-element_type=\"widget\" data-widget_type=\"heading.default\">\n\t\t\t\t<div class=\"elementor-widget-container\">\n\t\t\t<h2 class=\"elementor-heading-title elementor-size-default\">Jornal da Itatiaia<\/h2>\t\t<\/div>\n\t\t\t\t<\/div>\n\t\t\t\t<div class=\"elementor-element elementor-element-13d714b elementor-widget elementor-widget-heading\" data-id=\"13d714b\" data-element_type=\"widget\" data-widget_type=\"heading.default\">\n\t\t\t\t<div class=\"elementor-widget-container\">\n\t\t\t<h2 class=\"elementor-heading-title elementor-size-default\">Das 12:30 \u00e1s 13:00<\/h2>\t\t<\/div>\n\t\t\t\t<\/div>\n\t\t\t\t<div class=\"elementor-element elementor-element-dc659f7 elementor-widget elementor-widget-heading\" data-id=\"dc659f7\" data-element_type=\"widget\" data-widget_type=\"heading.default\">\n\t\t\t\t<div class=\"elementor-widget-container\">\n\t\t\t<h2 class=\"elementor-heading-title elementor-size-default\">R\u00e1dio Itatiaia<\/h2>\t\t<\/div>\n\t\t\t\t<\/div>\n\t\t\t\t<div class=\"elementor-element elementor-element-c9216e0 elementor-widget elementor-widget-image\" data-id=\"c9216e0\" data-element_type=\"widget\" data-widget_type=\"image.default\">\n\t\t\t\t<div class=\"elementor-widget-container\">\n\t\t\t\t\t\t\t\t\t\t\t\t\t<img decoding=\"async\" width=\"130\" height=\"95\" src=\"https:\/\/radioclubedeinhapim.com.br\/wp-content\/uploads\/2024\/07\/itatiaia-130x95.png\" class=\"attachment-cvmm-small size-cvmm-small wp-image-551\" alt=\"\" \/>\t\t\t\t\t\t\t\t\t\t\t\t\t<\/div>\n\t\t\t\t<\/div>\n\t\t\t\t<\/div>\n\t\t<div class=\"elementor-element elementor-element-2d15067 e-con-full e-flex e-con e-child\" data-id=\"2d15067\" data-element_type=\"container\">\n\t\t\t\t<div class=\"elementor-element elementor-element-f2265e2 elementor-widget elementor-widget-heading\" data-id=\"f2265e2\" data-element_type=\"widget\" data-widget_type=\"heading.default\">\n\t\t\t\t<div class=\"elementor-widget-container\">\n\t\t\t<h2 class=\"elementor-heading-title elementor-size-default\">Experi\u00eancia com Deus<\/h2>\t\t<\/div>\n\t\t\t\t<\/div>\n\t\t\t\t<div class=\"elementor-element elementor-element-1d73bb8 elementor-widget elementor-widget-heading\" data-id=\"1d73bb8\" data-element_type=\"widget\" data-widget_type=\"heading.default\">\n\t\t\t\t<div class=\"elementor-widget-container\">\n\t\t\t<h2 class=\"elementor-heading-title elementor-size-default\">Das 13:00 \u00e1s 14:00<\/h2>\t\t<\/div>\n\t\t\t\t<\/div>\n\t\t\t\t<div class=\"elementor-element elementor-element-ed742c0 elementor-widget elementor-widget-heading\" data-id=\"ed742c0\" data-element_type=\"widget\" data-widget_type=\"heading.default\">\n\t\t\t\t<div class=\"elementor-widget-container\">\n\t\t\t<h2 class=\"elementor-heading-title elementor-size-default\">Com Padre Reginaldo Manzotti<\/h2>\t\t<\/div>\n\t\t\t\t<\/div>\n\t\t\t\t<div class=\"elementor-element elementor-element-df52765 elementor-widget elementor-widget-image\" data-id=\"df52765\" data-element_type=\"widget\" data-widget_type=\"image.default\">\n\t\t\t\t<div class=\"elementor-widget-container\">\n\t\t\t\t\t\t\t\t\t\t\t\t\t<img loading=\"lazy\" decoding=\"async\" width=\"130\" height=\"95\" src=\"https:\/\/radioclubedeinhapim.com.br\/wp-content\/uploads\/2024\/07\/pe-reginaldo-manzotti_1-130x95.jpg\" class=\"attachment-cvmm-small size-cvmm-small wp-image-576\" alt=\"\" \/>\t\t\t\t\t\t\t\t\t\t\t\t\t<\/div>\n\t\t\t\t<\/div>\n\t\t\t\t<\/div>\n\t\t<div class=\"elementor-element elementor-element-d8b7b5d e-con-full e-flex e-con e-child\" data-id=\"d8b7b5d\" data-element_type=\"container\">\n\t\t\t\t<div class=\"elementor-element elementor-element-33494a6 elementor-widget elementor-widget-heading\" data-id=\"33494a6\" data-element_type=\"widget\" data-widget_type=\"heading.default\">\n\t\t\t\t<div class=\"elementor-widget-container\">\n\t\t\t<h2 class=\"elementor-heading-title elementor-size-default\">Viva a Tarde<\/h2>\t\t<\/div>\n\t\t\t\t<\/div>\n\t\t\t\t<div class=\"elementor-element elementor-element-d1bd0c7 elementor-widget elementor-widget-heading\" data-id=\"d1bd0c7\" data-element_type=\"widget\" data-widget_type=\"heading.default\">\n\t\t\t\t<div class=\"elementor-widget-container\">\n\t\t\t<h2 class=\"elementor-heading-title elementor-size-default\">Das 14:00 \u00e1s 17:00<\/h2>\t\t<\/div>\n\t\t\t\t<\/div>\n\t\t\t\t<div class=\"elementor-element elementor-element-f78c0e2 elementor-widget elementor-widget-heading\" data-id=\"f78c0e2\" data-element_type=\"widget\" data-widget_type=\"heading.default\">\n\t\t\t\t<div class=\"elementor-widget-container\">\n\t\t\t<h2 class=\"elementor-heading-title elementor-size-default\">Com Ricardo Lucas<\/h2>\t\t<\/div>\n\t\t\t\t<\/div>\n\t\t\t\t<div class=\"elementor-element elementor-element-bb90713 elementor-widget elementor-widget-image\" data-id=\"bb90713\" data-element_type=\"widget\" data-widget_type=\"image.default\">\n\t\t\t\t<div class=\"elementor-widget-container\">\n\t\t\t\t\t\t\t\t\t\t\t\t\t<img loading=\"lazy\" decoding=\"async\" width=\"130\" height=\"95\" src=\"https:\/\/radioclubedeinhapim.com.br\/wp-content\/uploads\/2024\/07\/ricardo-130x95.jpg\" class=\"attachment-cvmm-small size-cvmm-small wp-image-405\" alt=\"\" \/>\t\t\t\t\t\t\t\t\t\t\t\t\t<\/div>\n\t\t\t\t<\/div>\n\t\t\t\t<\/div>\n\t\t\t\t<\/div>\n\t\t<div class=\"elementor-element elementor-element-57c1d9a e-con-full e-flex e-con e-parent\" data-id=\"57c1d9a\" data-element_type=\"container\">\n\t\t<div class=\"elementor-element elementor-element-6ae2107 e-con-full e-flex e-con e-child\" data-id=\"6ae2107\" data-element_type=\"container\">\n\t\t\t\t<div class=\"elementor-element elementor-element-c4418bf elementor-widget elementor-widget-heading\" data-id=\"c4418bf\" data-element_type=\"widget\" data-widget_type=\"heading.default\">\n\t\t\t\t<div class=\"elementor-widget-container\">\n\t\t\t<h2 class=\"elementor-heading-title elementor-size-default\">Clube Sertanejo<\/h2>\t\t<\/div>\n\t\t\t\t<\/div>\n\t\t\t\t<div class=\"elementor-element elementor-element-073e335 elementor-widget elementor-widget-heading\" data-id=\"073e335\" data-element_type=\"widget\" data-widget_type=\"heading.default\">\n\t\t\t\t<div class=\"elementor-widget-container\">\n\t\t\t<h2 class=\"elementor-heading-title elementor-size-default\">Das 17:00 \u00e1s 19:00<\/h2>\t\t<\/div>\n\t\t\t\t<\/div>\n\t\t\t\t<div class=\"elementor-element elementor-element-0d5c7b9 elementor-widget elementor-widget-heading\" data-id=\"0d5c7b9\" data-element_type=\"widget\" data-widget_type=\"heading.default\">\n\t\t\t\t<div class=\"elementor-widget-container\">\n\t\t\t<h2 class=\"elementor-heading-title elementor-size-default\">Com Ernane Santos<\/h2>\t\t<\/div>\n\t\t\t\t<\/div>\n\t\t\t\t<div class=\"elementor-element elementor-element-709ce0f elementor-widget elementor-widget-image\" data-id=\"709ce0f\" data-element_type=\"widget\" data-widget_type=\"image.default\">\n\t\t\t\t<div class=\"elementor-widget-container\">\n\t\t\t\t\t\t\t\t\t\t\t\t\t<img decoding=\"async\" width=\"130\" height=\"95\" src=\"https:\/\/radioclubedeinhapim.com.br\/wp-content\/uploads\/2024\/07\/ernane-130x95.jpg\" class=\"attachment-cvmm-small size-cvmm-small wp-image-407\" alt=\"\" \/>\t\t\t\t\t\t\t\t\t\t\t\t\t<\/div>\n\t\t\t\t<\/div>\n\t\t\t\t<\/div>\n\t\t<div class=\"elementor-element elementor-element-c430937 e-con-full e-flex e-con e-child\" data-id=\"c430937\" data-element_type=\"container\">\n\t\t\t\t<div class=\"elementor-element elementor-element-d841be5 elementor-widget elementor-widget-heading\" data-id=\"d841be5\" data-element_type=\"widget\" data-widget_type=\"heading.default\">\n\t\t\t\t<div class=\"elementor-widget-container\">\n\t\t\t<h2 class=\"elementor-heading-title elementor-size-default\">A voz do Brasil<\/h2>\t\t<\/div>\n\t\t\t\t<\/div>\n\t\t\t\t<div class=\"elementor-element elementor-element-ac614ff elementor-widget elementor-widget-heading\" data-id=\"ac614ff\" data-element_type=\"widget\" data-widget_type=\"heading.default\">\n\t\t\t\t<div class=\"elementor-widget-container\">\n\t\t\t<h2 class=\"elementor-heading-title elementor-size-default\">Das 19:00 \u00e1s 20:00<\/h2>\t\t<\/div>\n\t\t\t\t<\/div>\n\t\t\t\t<div class=\"elementor-element elementor-element-75498e0 elementor-widget elementor-widget-heading\" data-id=\"75498e0\" data-element_type=\"widget\" data-widget_type=\"heading.default\">\n\t\t\t\t<div class=\"elementor-widget-container\">\n\t\t\t<h2 class=\"elementor-heading-title elementor-size-default\">Transmiss\u00e3o EBC<\/h2>\t\t<\/div>\n\t\t\t\t<\/div>\n\t\t\t\t<div class=\"elementor-element elementor-element-d08e1a1 elementor-widget elementor-widget-image\" data-id=\"d08e1a1\" data-element_type=\"widget\" data-widget_type=\"image.default\">\n\t\t\t\t<div class=\"elementor-widget-container\">\n\t\t\t\t\t\t\t\t\t\t\t\t\t<img loading=\"lazy\" decoding=\"async\" width=\"130\" height=\"95\" src=\"https:\/\/radioclubedeinhapim.com.br\/wp-content\/uploads\/2024\/07\/avozdobrasil-130x95.jpg\" class=\"attachment-cvmm-small size-cvmm-small wp-image-584\" alt=\"\" \/>\t\t\t\t\t\t\t\t\t\t\t\t\t<\/div>\n\t\t\t\t<\/div>\n\t\t\t\t<\/div>\n\t\t<div class=\"elementor-element elementor-element-d2bfc6e e-con-full e-flex e-con e-child\" data-id=\"d2bfc6e\" data-element_type=\"container\">\n\t\t\t\t<div class=\"elementor-element elementor-element-180b263 elementor-widget elementor-widget-heading\" data-id=\"180b263\" data-element_type=\"widget\" data-widget_type=\"heading.default\">\n\t\t\t\t<div class=\"elementor-widget-container\">\n\t\t\t<h2 class=\"elementor-heading-title elementor-size-default\">Programa\u00e7\u00e3o Musical<\/h2>\t\t<\/div>\n\t\t\t\t<\/div>\n\t\t\t\t<div class=\"elementor-element elementor-element-54bdfb3 elementor-widget elementor-widget-heading\" data-id=\"54bdfb3\" data-element_type=\"widget\" data-widget_type=\"heading.default\">\n\t\t\t\t<div class=\"elementor-widget-container\">\n\t\t\t<h2 class=\"elementor-heading-title elementor-size-default\">Das 20:00 \u00e1s 5:00<\/h2>\t\t<\/div>\n\t\t\t\t<\/div>\n\t\t\t\t<div class=\"elementor-element elementor-element-357890f elementor-widget elementor-widget-heading\" data-id=\"357890f\" data-element_type=\"widget\" data-widget_type=\"heading.default\">\n\t\t\t\t<div class=\"elementor-widget-container\">\n\t\t\t<h2 class=\"elementor-heading-title elementor-size-default\">R\u00e1dio Clube de Inhapim<\/h2>\t\t<\/div>\n\t\t\t\t<\/div>\n\t\t\t\t<div class=\"elementor-element elementor-element-76ce942 elementor-widget elementor-widget-image\" data-id=\"76ce942\" data-element_type=\"widget\" data-widget_type=\"image.default\">\n\t\t\t\t<div class=\"elementor-widget-container\">\n\t\t\t\t\t\t\t\t\t\t\t\t\t<img decoding=\"async\" src=\"https:\/\/radioclubedeinhapim.com.br\/wp-content\/uploads\/2024\/06\/clube-app-icone-512-512-150x150-1.png\" title=\"clube-app-icone-512-512-150&#215;150\" alt=\"clube-app-icone-512-512-150x150\" loading=\"lazy\" \/>\t\t\t\t\t\t\t\t\t\t\t\t\t<\/div>\n\t\t\t\t<\/div>\n\t\t\t\t<\/div>\n\t\t\t\t<\/div>\n\t\t\t\t<\/div>\n\t\t","protected":false},"excerpt":{"rendered":"<p>Manh\u00e3 Sertaneja Das 5:00 \u00e1s 7:00 Com Ernane Santos Jornal da Itatiaia Das 7:00 \u00e1s 8:00 R\u00e1dio Itatiaia Bom dia Vida Das 8:00 \u00e1s 11:00 Com Janaine Castro A Voz da Par\u00f3quia Das 11:00 \u00e1s 11:30 Par\u00f3quia de Inhapim Clube do Esporte Das 11:30 \u00e1s 12:00 Com Ernane Santos Giro da Not\u00edcia Das 12:00 \u00e1s [&hellip;]<\/p>\n","protected":false},"author":1,"featured_media":0,"parent":0,"menu_order":0,"comment_status":"closed","ping_status":"closed","template":"","meta":{"footnotes":""},"class_list":["post-25","page","type-page","status-publish","hentry"],"wpmagazine_modules_lite_featured_media_urls":{"thumbnail":"","cvmm-medium":"","cvmm-medium-plus":"","cvmm-portrait":"","cvmm-medium-square":"","cvmm-large":"","cvmm-small":"","full":""},"categories_names":null,"comments_number":"0","_links":{"self":[{"href":"https:\/\/radioclubedeinhapim.com.br\/index.php\/wp-json\/wp\/v2\/pages\/25","targetHints":{"allow":["GET"]}}],"collection":[{"href":"https:\/\/radioclubedeinhapim.com.br\/index.php\/wp-json\/wp\/v2\/pages"}],"about":[{"href":"https:\/\/radioclubedeinhapim.com.br\/index.php\/wp-json\/wp\/v2\/types\/page"}],"author":[{"embeddable":true,"href":"https:\/\/radioclubedeinhapim.com.br\/index.php\/wp-json\/wp\/v2\/users\/1"}],"replies":[{"embeddable":true,"href":"https:\/\/radioclubedeinhapim.com.br\/index.php\/wp-json\/wp\/v2\/comments?post=25"}],"version-history":[{"count":40,"href":"https:\/\/radioclubedeinhapim.com.br\/index.php\/wp-json\/wp\/v2\/pages\/25\/revisions"}],"predecessor-version":[{"id":741,"href":"https:\/\/radioclubedeinhapim.com.br\/index.php\/wp-json\/wp\/v2\/pages\/25\/revisions\/741"}],"wp:attachment":[{"href":"https:\/\/radioclubedeinhapim.com.br\/index.php\/wp-json\/wp\/v2\/media?parent=25"}],"curies":[{"name":"wp","href":"https:\/\/api.w.org\/{rel}","templated":true}]}}